rime factors of g?
2, 11
Suppose 3*l + 126 = 3*o, -4*l - 23 + 101 = 2*o. Let c = o - 25. List the prime factors of c.
2
Suppose -s - 41 + 231 = 0. What are the prime factors of s?
2, 5, 19
Let z(l) = 9*l - l + 5*l**2 - 4*l**2 + 2. What are the prime factors of z(-10)?
2, 11
Let w(j) be the third derivative of j**5/60 + 3*j**4/8 - 2*j**3/3 - 2*j**2. What are the prime factors of w(-10)?
2, 3
Let u(f) = 5 + 5 - 2 - f. Let p be u(6). Suppose 25 = p*t - k, -3*t + k + 38 = -k. What are the prime factors of t?
2, 3
Suppose m - 30 = -2*m. Let f = m + -17. Let n = f + 13. What are the prime factors of n?
2, 3
Suppose 0 = 2*b + 24 + 50. Let j = -24 - b. List the prime factors of j.
13
List the prime factors of 92 + 1 + 2 - -3.
2, 7
Suppose 2*i + 6*i - 648 = 0. List the prime factors of i.
3
Let d be (1 + -5)/(2/3). Let p(x) = -x**2 - 10*x - 3. Let z(o) = -o**2 - 11*o - 3. Let s(y) = 3*p(y) - 2*z(y). What are the prime factors of s(d)?
3
Suppose 0 = 3*b + 5*d - 33, -d - d + 58 = 4*b. Suppose 3*l + 2*h - 22 = 0, -l - 5*h + b = -0*h. What are the prime factors of l?
2, 3
Let j(b) = 2*b + 0*b - 5 - 4*b + 1. What are the prime factors of j(-5)?
2, 3
Let s(b) = b**2 - b + 3. Let u be s(0). Suppose 49 + 20 = u*z. List the prime factors of z.
23
Suppose -4*q + 36 - 240 = -4*f, 98 = 2*f - q. Suppose 5*d - 198 = f. What are the prime factors of d?
7
Let q(x) = -6*x - 1. Let l be q(-1). Let i = -4 + 8. Suppose -3 = v + l*c - i, 2 = v + 4*c. List the prime factors of v.
2, 3
Let y(i) = i**3 - 7*i**2 + 4*i - 3. List the prime factors of y(7).
5
Suppose -6*d - 3 = -3*d. Let q = 26 - d. What are the prime factors of q?
3
Let m(a) = 2*a - 15. Let q be m(9). What are the prime factors of 3/(0 + q) - -3?
2
Let l(o) = -13*o - 3. List the prime factors of l(-2).
23
Suppose 2*m + q + 216 - 22 = 0, 495 = -5*m - 5*q. Let h = 141 + m. What are the prime factors of h?
2, 23
Let r be -3 + (0 - -2) + -2. What are the prime factors of 2/r - 415/(-15)?
3
Let t = -6 - -9. Suppose -1 + t = -h. What are the prime factors of (-390)/(-25) - h/5?
2
Let g(u) = u**2 - 12*u - 4. Let r(m) = -m**2 + 12*m + 5. Let n(i) = -3*g(i) - 4*r(i). What are the prime factors of n(14)?
2, 5
Let w = -42 + 6. Let b be w/(-5)*50/15. Suppose -b = -n - n. List the prime factors of n.
2, 3
Suppose 19 = 2*y + 5*l, -2*y - y + 3*l - 3 = 0. Suppose 5*u + 5*o = y*o + 165, 4*u = o + 149. What are the prime factors of u?
2, 3
List the prime factors of (11/(-33))/((-1)/117).
3, 13
Let h = 227 - 130. What are the prime factors of h?
97
Let l(z) = z**2 + 2*z - 2. Let n be l(-5). Suppose 0 = -4*u + 1 + 11. Suppose -34 + n = -u*s. List the prime factors of s.
7
Let w(b) = 16*b**2 + 6*b + 1. Let a(j) = -j. Let d(l) = -5*a(l) - w(l). Let s be d(-1). Let v = s + 24. List the prime factors of v.
2
Let u = 6 + -2. Let w = -1 - u. Let l = 15 + w. List the prime factors of l.
2, 5
Suppose -18 + 23 = p. List the prime factors of p.
5
Suppose h - 6*h = -230. What are the prime factors of h?
2, 23
Suppose 0 = -z - 3*z + 132. What are the prime factors of z?
3, 11
Suppose -5 + 7 = -m. Let o(d) be the first derivative of 5*d**3/3 - d - 2. What are the prime factors of o(m)?
19
Suppose -3*r + 2*r = -1. Suppose 0 = -4*u + 39 + r. What are the prime factors of u?
2, 5
Let q = -192 - -356. List the prime factors of q.
2, 41
Let h = 428 - 262. List the prime factors of h.
2, 83
Let b(p) = -p**3 - 8*p**2 - 7*p + 5. Let j be b(-7). Suppose 2*t + 3*n = 6, -4*t + n - j*n = -16. List the prime factors of 3/2 - (-3)/t.
2
Suppose 2*i - 44 = -2*r + 7*i, 4*i - 89 = -3*r. List the prime factors of r.
3
Let q = 0 - -3. Suppose 0*s = -q*s - 12. List the prime factors of (-105)/(-10) + 2/s.
2, 5
Suppose -h - 810 = -10*h. List the prime factors of h.
2, 3, 5
Let w(i) = -i**3 - 5*i**2 + 2*i. What are the prime factors of w(-6)?
2, 3
Suppose 0*b + 3*b = 6. Suppose 5*i + 35 = 3*j, -5*j - 3*i + 125 = 2*i. Suppose r + 4*g = -2*r + 32, -j = -3*r + b*g. What are the prime factors of r?
2
Suppose 660 = 6*g - g. What are the prime factors of g?
2, 3, 11
Let h(k) = -k + 19. Suppose 0 = 3*x - 22 - 20. List the prime factors of h(x).
5
Let v(s) = s**3 + 9*s**2 - 3*s - 8. Let l be v(-9). Let t = 2 - 1. Suppose 5*q - t = l. List the prime factors of q.
2
Let c be -60*(21/(-6))/(-7). Let s = 63 + c. What are the prime factors of s?
3, 11
Let c = -70 - -121. List the prime factors of c.
3, 17
Let u = -9 - -22. Suppose -r + 2*y + u = 0, -3*r + 2*y + 31 + 0 = 0. What are the prime factors of r?
3
Let q be (-222 - -3)/3 - 1. Let k = q - -138. Suppose -f = 3*f - k. What are the prime factors of f?
2
Let f = 5 - 10. Let l = f + 17. List the prime factors of l.
2, 3
Let n = -50 + 98. What are the prime factors of n?
2, 3
Suppose 2*d - 7 = 3. Suppose -2*g + 3*g = -d. Let n = g + 7. List the prime factors of n.
2
Let m = -266 - -394. What are the prime factors of m?
2
Let w = 32 + 2. List the prime factors of w.
2, 17
Let c be ((-2)/6)/(3/(-54)). Suppose -7 = -z + c. What are the prime factors of z?
13
Suppose 5*s = -h - 3, 5*s + 15 = -5*h + s. Let t(x) = -2*x**2 + 3*x**2 + 3*x**2 - 2*x - 3 - 3*x**2. What are the prime factors of t(h)?
2, 3
Suppose -8*v + 220 = -3*v. Let s = -13 + 41. Let w = v - s. List the prime factors of w.
2
Suppose -d = -92 + 8. What are the prime factors of d?
2, 3, 7
What are the prime factors of (-8)/(-6)*(-204)/(-8)?
2, 17
Let o(c) = c**3 + 9*c**2 + 4*c + 5. What are the prime factors of o(-7)?
3, 5
Let g(d) = 1. Let z(n) = -n - 3. Let v(m) = -5*g(m) - 2*z(m). Let w be v(4). What are the prime factors of 24/w*6/4?
2
Let d(y) = 7*y - 1. What are the prime factors of d(5)?
2, 17
Let j(o) = o**3 + o**2 - o + 2. Let r be j(0). Let b(h) = -4 + 5*h - r + 7 + 0*h. What are the prime factors of b(3)?
2
Suppose 30 = -4*p + 174. Suppose -2*o = -i + 3*i - p, 4*o + 63 = 5*i. What are the prime factors of i?
3, 5
Let j(k) = -3*k**2 + 10*k - 32. Let r(v) = -v**2 + 3*v - 11. Let t(n) = -4*j(n) + 11*r(n). What are the prime factors of t(7)?
7
Let k(n) = -n**3 + 8*n**2 - 2*n - 4. Let h be k(6). Suppose -3*j = 4*v + h, -v + 0 + 55 = -5*j. Let m = 3 - j. List the prime factors of m.
3, 5
Let c be -10 + -7 + (-9)/(-3). Let z = c + 16. What are the prime factors of z?
2
Let w(v) = -7*v**3 + 9*v**2 - 7*v - 2. Let b(k) = 6*k**3 - 8*k**2 + 6*k + 1. Let m(u) = 5*b(u) + 4*w(u). List the prime factors of m(3).
3, 7
List the prime factors of (-132)/(-15) + 2/10.
3
Let m(i) be the second derivative of i**4/12 + i**3/2 + i**2 + 2*i. Let u be m(-3). Suppose -5*k + 3 = -4*g, 5*k = -5*g + u*k + 24. List the prime factors of g.
3
Suppose g + 5*n + 9 = 0, 5*n + 4 = -3*g - 3. Let j(z) = -3*z**3 - z + 8*z**2 + 5*z**3 - 7*z**2 + 1. List the prime factors of j(g).
3
Let l = -6 + 6. Suppose n - 12 = -3*h, n + 6 = 3*h - l*h. What are the prime factors of n?
3
Let v = -4 + 8. Let h be 42/v + (-4)/8. Suppose 3*f - h = 2*f. List the prime factors of f.
2, 5
Suppose -2*a = -d + 108, -4*a = -4*d + a + 429. What are the prime factors of d?
2, 53
Suppose -4*h = -3*x - 39, -2*x + 4*x = 6. List the prime factors of 20/(-6)*h/(-10).
2
Suppose -6*t + 3*t = 72. Let i = 73 + t. Suppose -5*w - 2*z = -4*z - i, 5*w = 4*z + 43. What are the prime factors of w?
11
Suppose 6 = -5*j - 9. What are the prime factors of 4 + -33*j/9?
3, 5
Suppose 3*f - 5*g + 19 = -0*g, 9 = 2*f + g. Suppose -f*m + 4 = o - 1, 40 = 5*o - 5*m. What are the prime factors of o?
7
Let o(h) be the second derivative of h**5/4 - h**3/6 + h**2/2 - h. Let w be o(1). Suppose m - k = -3*m + 26, -w*m + 38 = -4*k. List the prime factors of m.
2, 3
Let b(k) = 2*k**2 + k + 3. List the prime factors of b(-6).
3, 23
Let m(u) = u**2 - u - 1. Let w be m(3). Suppose 3*r - 2*r = 2*j - 63, -5*r = w*j - 150. What are the prime factors of j?
31
Let a = -1 + 4. Suppose -a*m = 5*t - 83, -34 = -2*t - m - 0*m. What are the prime factors of t?
19
Let f = -4 - -6. Suppose -3*g - f*g + 85 = 0. What are the prime factors of g?
17
Suppose 0 = 3*w - 7*w + 216. List the prime factors of w.
2, 3
Suppose -4*q = -v - 2*v + 3, 0 = 2*q - 4*v - 6. Let z(t) = -t - 5. Let b be z(-3). List the prime factors of (2/q)/(b/36).
2, 3
Let m(n) = 1. Let t(b) = -b - 3. Let a(d) = -m(d) - t(d). Let w be a(-4). List the prime factors of 4/(w - 12/(-5)).
2, 5
Suppose -8*y = -4*y -